 prime factors of h.
11
Let c = 4420 + -1694. What are the prime factors of c?
2, 29, 47
Suppose -4*o + 3*o + 22 = 0. Let r = o - 19. What are the prime factors of ((-4)/(-6))/(r/117)?
2, 13
Suppose 819 = 5*z + 3*s, z - 480 = -2*z + 2*s. Suppose 4*y = 5*x + 29 - 448, -2*x + 3*y = -z. What are the prime factors of x?
3, 29
Let g(t) be the first derivative of -7*t**5/40 - t**4/12 - 5*t**3/3 + 7. Let m(k) be the third derivative of g(k). List the prime factors of m(-2).
2, 5
What are the prime factors of -7 + 226 + (-1 - 0)*-2?
13, 17
Let y(j) = -j**3 + 18*j**2 - 2*j + 15. Let s be y(17). Suppose 0 = -4*f - f + s. What are the prime factors of f?
2, 3
Let x = 795 + -480. Suppose -5*r + 410 = 2*y + 115, -5*r + 2*y + x = 0. List the prime factors of r.
61
Suppose -n + 0*n + 271 = 4*a, 0 = -n - 5. Suppose 0 = b - a - 11. What are the prime factors of b?
2, 5
Let i(t) = t. Let l(s) = -2*s. Let w(j) = 9*i(j) + 4*l(j). Let n(z) = 4*z - 8. Let q(u) = n(u) + w(u). What are the prime factors of q(11)?
47
Let p = 5 + -5. Suppose 3*c + p - 9 = 0. List the prime factors of c + 4*-1 + 19.
2, 3
Suppose -4*r - 16 = 0, 5*r - 387 = -v + 816. Suppose 355 = -7*a + v. What are the prime factors of a?
2, 31
Let s(m) = -4 + 8 + m + 2*m. Let q be s(-2). List the prime factors of 8/(-4)*23/q.
23
Suppose n - 5 = 1. Suppose -12*i - n = -9*i. List the prime factors of i/10 + 1005/25.
2, 5
Let j(g) = 1177*g - 11. What are the prime factors of j(1)?
2, 11, 53
Suppose 15*j = 16*j - 5. Suppose 5*x - 62 = -j*a + 38, 5*x - 101 = -4*a. What are the prime factors of x?
3, 7
Suppose 8*b - 334 = 114. What are the prime factors of b?
2, 7
Let v = 312 - -67. What are the prime factors of v?
379
Suppose -5*y = -4*g + 65, 3*g = 3*y + 21 + 27. Suppose -4*t = 16, 3*h + 0*t = 4*t + 22. List the prime factors of (3/h)/(g/20).
2
Suppose 0*c - 4*c - 28 = 0. Let x(u) = -2*u**2 - 9*u - 9. Let g be x(c). Let i = g + 73. List the prime factors of i.
29
Suppose 11 = 5*x - 4*x. Suppose f - o - x = 3*o, 5*f + 5*o - 5 = 0. Suppose -f*h = -106 - 2. What are the prime factors of h?
2, 3
Suppose 5*k - 94 = 2*c + 569, -4*k - 2*c = -516. List the prime factors of k.
131
Let z be 4 + (-16)/2 + 209. Suppose 414 = 4*i - 2*g, -2*g = -2*i + g + z. What are the prime factors of i?
2, 13
Let u = 18 + -12. Suppose -u*q = -5*q - 110. Suppose 2*r - q = -3*r. List the prime factors of r.
2, 11
What are the prime factors of -294*((-15)/35 + 15/(-14))?
3, 7
Suppose -55 - 341 = 3*l. Suppose 28 = 4*y - 4. List the prime factors of (-3)/6 - l/y.
2
Let z = 2727 - 1857. List the prime factors of z.
2, 3, 5, 29
Let w = 14 - 17. List the prime factors of ((-4)/w)/((-7)/(-399)).
2, 19
Suppose 0 = -9*d + 41 - 14. Suppose -3*x = -d*p - 828, 0*p = -3*x + p + 818. List the prime factors of x.
271
Suppose 165*a = 167*a - 362. Let y = -54 + a. What are the prime factors of y?
127
What are the prime factors of 8/18 - (-37632)/378?
2, 5
Suppose -14*g = -4934 - 5496. List the prime factors of g.
5, 149
Suppose 0 = -5*b - 436 - 509. Let a = b - -295. List the prime factors of a.
2, 53
Suppose 3*m = -15, -3*t = 5*m - 7476 - 9059. List the prime factors of t.
2, 3, 5, 23
Let g(c) = c**2 - 6*c + 6. Let y be g(4). What are the prime factors of (-52)/(y/(-1)*-1)?
2, 13
Suppose -3*f + 3 = 0, 0 = -3*k + f - 2 + 1. Suppose k = p - q + 5, -5*q = -q - 20. Suppose p = 5*g - 9*g + 44. What are the prime factors of g?
11
Suppose 1982 = 37*w - 33094. List the prime factors of w.
2, 3, 79
Let j = -15 - -17. Let p(t) = 15*t**3 - t**2 - 5*t + 2. What are the prime factors of p(j)?
2, 3
Let y(g) = 7 - 2*g**2 - g**2 + 2*g + 4*g**2. Suppose 22 = -3*n - 2*k, -n = -k - 4*k - 4. What are the prime factors of y(n)?
31
Let w(v) = 42*v - 4. Let g(b) = -b**2 - 8*b - 9. Let a be g(-6). Let z be w(a). Suppose -3*x + 91 = -z. List the prime factors of x.
71
Let p = 10 + -6. Suppose p*b + 2*k = 8, b + 4*k = 2 + 14. Suppose -2*a - 2 = b, j - 2*j - 5*a = -15. List the prime factors of j.
2, 5
Let a(l) = -2*l**3 - 4*l**2 - 8*l - 3. Let w be a(-7). Suppose 38 = 7*x - w. List the prime factors of x.
83
Let i be (76/24 - -3) + (-2)/12. Let b(c) = 2*c. Let v(p) = -3*p + 1. Let a(t) = -5*b(t) - 4*v(t). What are the prime factors of a(i)?
2
Suppose 52*c - 74*c + 16148 = 0. What are the prime factors of c?
2, 367
Let r(q) = 14*q + 20. Let v be r(-9). Let m = v - -171. What are the prime factors of m?
5, 13
Let x = 6 + -3. Suppose 33 = x*k - 51. What are the prime factors of k?
2, 7
List the prime factors of 28/224 + (-2 - (-5799)/8).
3, 241
Suppose 7*z - 6*z = 5*u - 5050, 2*z + 10 = 0. What are the prime factors of u?
1009
Suppose 0 = 83*r - 109*r + 55406. What are the prime factors of r?
2131
Let m(b) = 233*b**2 - 7*b - 15. What are the prime factors of m(-2)?
7, 19
Let t = -13 - -18. Suppose l - 6*l = -t. List the prime factors of -14*(28/(-8))/l.
7
Let w = 207 + 153. List the prime factors of w.
2, 3, 5
Let n be (-13)/(-7) + (-5)/(-35). Let i be n + 0 + 4 + -2. Suppose 24 = f + i*a, -a - 45 = 3*f - 7*f. What are the prime factors of f?
2, 3
Suppose 4*f - 2349 = 191. List the prime factors of f.
5, 127
Let a be (-220)/(-5) + (-1)/1. Suppose 6*f - 3*f = 21. Suppose f*d - 174 = a. List the prime factors of d.
31
Let p(o) = 2*o**2 - 49*o + 672. What are the prime factors of p(48)?
2, 3, 61
What are the prime factors of (869/4)/(29/116)?
11, 79
Let l(i) = 3*i**2 + i + 11. List the prime factors of l(6).
5
Let i be (36/27)/(1/21). Let s = -20 + i. List the prime factors of s.
2
List the prime factors of (-20)/(-10) + 3 - (3 + -1717).
3, 191
Let j be (-162)/(-8) + 5/(-20). Let q = 6 - 0. Suppose -q*i + j = -i. List the prime factors of i.
2
Suppose 8 = -4*w, -3*r + 3*w - 2174 = -4*r. List the prime factors of r.
2, 5, 109
Suppose 7*x - 28 = -2*w + 3*x, 23 = 2*w + 3*x. Suppose 20 = w*k + 4*i, k + 4*k + 5 = 5*i. List the prime factors of 1/k - 90/(-12).
2
Let h = -5 - -3. Suppose -6 = -6*b - 114. List the prime factors of 1*h - (b - 6).
2, 11
Suppose 5*o - 82 = 3*a, 3*a + 3*o + 10 + 32 = 0. Let x be a/(-7) - (-2)/7. Suppose 0 = -x*c + 38 + 4. List the prime factors of c.
2, 7
Let l be -1*(13 - 2 - 2). Let x = l + 72. List the prime factors of x.
3, 7
Suppose -12*d + 8080 = -5132. What are the prime factors of d?
3, 367
Suppose 9*q - 72 = -9*q. What are the prime factors of q?
2
Let q(d) = 2*d**2 + 10*d + 6. Let l = 16 + -24. List the prime factors of q(l).
2, 3
Let x = 1 + 3. Let l be 24/14 - x/(-14). Suppose 4*o - 4 = -l*r, 0 = o + o + 2. What are the prime factors of r?
2
Let b(q) = -3*q - 14. Suppose 30 = -14*h + 9*h. What are the prime factors of b(h)?
2
Suppose -302 - 616 = -2*i. What are the prime factors of i?
3, 17
Let u be ((-184)/10)/((-96)/45 + 2). Suppose 20 = 2*f - u. What are the prime factors of f?
79
Let z(q) = -178*q - 373. What are the prime factors of z(-7)?
3, 97
Let i(w) = 17*w**2 - 2*w + 16. List the prime factors of i(3).
163
Suppose -3*j - 20 + 566 = 0. List the prime factors of j.
2, 7, 13
Let k be 2 - (4 + -4) - -199. Let r = -1 + k. List the prime factors of r.
2, 5
Let s(t) = t**3 + 10*t**2 + 12*t. List the prime factors of s(-6).
2, 3
Suppose -3*a + 2268 = 3*p, -2*p - 2273 = -7*a + 4*a. What are the prime factors of a?
757
Let d(g) be the second derivative of g**5/20 - 5*g**4/12 - 2*g**3/3 - 4*g**2 - g. Let h be d(6). Let x(v) = v**2 - v + 2. What are the prime factors of x(h)?
2, 7
Suppose -138 = 3*q - 144. Let u be 2/(-6) + 2/6. Suppose 5*j = q*j - 4*z + 147, -z - 3 = u. What are the prime factors of j?
53
Suppose 2924*p - 2914*p - 49340 = 0. What are the prime factors of p?
2, 2467
Let w be 0/(1/(-1 - 0)). Let h be (w + 0)/(2 - 4). Suppose h = 3*x + x - 84. What are the prime factors of x?
3, 7
Let p(m) = -2*m - 5. Let l be p(-5). Suppose 5*r - 5*u + u = 44, -5*u = l*r - 80. List the prime factors of (-402)/(-24) - (-3)/r.
17
What are the prime factors of 788/2 + -3 - -4?
5, 79
Let r(f) = 92*f + 3. Let q(s) = -92*s - 2. Let o(d) = 6*q(d) + 4*r(d). Let g be o(3). List the prime factors of g/(-21) - (-4)/(-14).
2, 13
Suppose d + b - 477 = -0*d, 0 = -3*d - 2*b + 1431. Suppose -5*s = 5*q - 795, 0 = 3*q - 6*q - 5*s + d. List the prime factors of q.
3, 53
Let s = 449 - -70. List the prime factors of s.
3, 173
What are the prime factors of 963 + (-57)/